{"id":96,"date":"2023-12-14T22:15:01","date_gmt":"2023-12-14T22:15:01","guid":{"rendered":"https:\/\/www.glomorprofessional.com\/shop\/?post_type=product&#038;p=96"},"modified":"2026-04-07T06:11:43","modified_gmt":"2026-04-07T06:11:43","slug":"silver-seramid-sampuan","status":"publish","type":"product","link":"https:\/\/glomorprofessional.com\/shop\/urun\/silver-seramid-sampuan\/","title":{"rendered":"Silver Seramid \u015eampuan"},"content":{"rendered":"","protected":false},"excerpt":{"rendered":"<p>Silver seramid mor \u015fampuan mor renklendiriciler ve uv filtresi ile kar\u015f\u0131t tonlar\u0131 n\u00f6tralize eder.<\/p>\n<p>Sa\u00e7lardaki istenmeyen turuncu ve sar\u0131 renkteki yans\u0131malara kar\u015f\u0131 kontrast yaratt\u0131\u011f\u0131 i\u00e7in sa\u00e7lardaki \u00e7i\u011f sar\u0131 rengini al\u0131r yerine daha k\u00fcll\u00fc ve yumu\u015fak bir yans\u0131ma b\u0131rak\u0131r.<\/p>\n<p>\u0130\u0307\u00e7eri\u011finde bulunan magnezyum ve seramid ya\u011f\u0131 ile zenginle\u015ftirilmi\u015f form\u00fcl\u00fc ile sa\u00e7a canl\u0131l\u0131k verir.<\/p>\n","protected":false},"featured_media":98,"comment_status":"open","ping_status":"closed","template":"","meta":[],"product_brand":[],"product_cat":[18],"product_tag":[],"class_list":{"0":"post-96","1":"product","2":"type-product","3":"status-publish","4":"has-post-thumbnail","6":"product_cat-urunler","8":"first","9":"instock","10":"shipping-taxable","11":"purchasable","12":"product-type-simple"},"yoast_head":"<!-- This site is optimized with the Yoast SEO Premium plugin v21.5 (Yoast SEO v21.5) - https:\/\/yoast.com\/wordpress\/plugins\/seo\/ -->\n<title>Silver Seramid \u015eampuan - Glomor Professional<\/title>\n<meta name=\"description\" content=\"Sa\u00e7ltaki istenmeyen turuncu ve sar\u0131 yans\u0131malara kar\u015f\u0131 kontrast yaratt\u0131\u011f\u0131 i\u00e7in sa\u00e7\u0131n \u00e7i\u011f sar\u0131 rengini al\u0131r daha k\u00fcll\u00fc ve yumu\u015fak bir yans\u0131ma b\u0131rak\u0131r.\u00a0\" \/>\n<meta name=\"robots\" content=\"index, follow, max-snippet:-1, max-image-preview:large, max-video-preview:-1\" \/>\n<link rel=\"canonical\" href=\"https:\/\/glomorprofessional.com\/shop\/urun\/silver-seramid-sampuan\/\" \/>\n<meta property=\"og:locale\" content=\"tr_TR\" \/>\n<meta property=\"og:type\" content=\"article\" \/>\n<meta property=\"og:title\" content=\"Silver Seramid \u015eampuan\" \/>\n<meta property=\"og:description\" content=\"Sa\u00e7ltaki istenmeyen turuncu ve sar\u0131 yans\u0131malara kar\u015f\u0131 kontrast yaratt\u0131\u011f\u0131 i\u00e7in sa\u00e7\u0131n \u00e7i\u011f sar\u0131 rengini al\u0131r daha k\u00fcll\u00fc ve yumu\u015fak bir yans\u0131ma b\u0131rak\u0131r.\u00a0\" \/>\n<meta property=\"og:url\" content=\"https:\/\/glomorprofessional.com\/shop\/urun\/silver-seramid-sampuan\/\" \/>\n<meta property=\"og:site_name\" content=\"Glomor Professional\" \/>\n<meta property=\"article:modified_time\" content=\"2026-04-07T06:11:43+00:00\" \/>\n<meta property=\"og:image\" content=\"https:\/\/glomorprofessional.com\/shop\/wp-content\/uploads\/2023\/12\/silver-samp.-681x1024-1.webp\" \/>\n\t<meta property=\"og:image:width\" content=\"681\" \/>\n\t<meta property=\"og:image:height\" content=\"1024\" \/>\n\t<meta property=\"og:image:type\" content=\"image\/webp\" \/>\n<meta name=\"twitter:card\" content=\"summary_large_image\" \/>\n<script type=\"application\/ld+json\" class=\"yoast-schema-graph\">{\"@context\":\"https:\/\/schema.org\",\"@graph\":[{\"@type\":\"WebPage\",\"@id\":\"https:\/\/glomorprofessional.com\/shop\/urun\/silver-seramid-sampuan\/\",\"url\":\"https:\/\/glomorprofessional.com\/shop\/urun\/silver-seramid-sampuan\/\",\"name\":\"Silver Seramid \u015eampuan - Glomor Professional\",\"isPartOf\":{\"@id\":\"https:\/\/glomorprofessional.com\/shop\/#website\"},\"datePublished\":\"2023-12-14T22:15:01+00:00\",\"dateModified\":\"2026-04-07T06:11:43+00:00\",\"description\":\"Sa\u00e7ltaki istenmeyen turuncu ve sar\u0131 yans\u0131malara kar\u015f\u0131 kontrast yaratt\u0131\u011f\u0131 i\u00e7in sa\u00e7\u0131n \u00e7i\u011f sar\u0131 rengini al\u0131r daha k\u00fcll\u00fc ve yumu\u015fak bir yans\u0131ma b\u0131rak\u0131r.\u00a0\",\"breadcrumb\":{\"@id\":\"https:\/\/glomorprofessional.com\/shop\/urun\/silver-seramid-sampuan\/#breadcrumb\"},\"inLanguage\":\"tr\",\"potentialAction\":[{\"@type\":\"ReadAction\",\"target\":[\"https:\/\/glomorprofessional.com\/shop\/urun\/silver-seramid-sampuan\/\"]}]},{\"@type\":\"BreadcrumbList\",\"@id\":\"https:\/\/glomorprofessional.com\/shop\/urun\/silver-seramid-sampuan\/#breadcrumb\",\"itemListElement\":[{\"@type\":\"ListItem\",\"position\":1,\"name\":\"Anasayfa\",\"item\":\"https:\/\/glomorprofessional.com\/shop\/\"},{\"@type\":\"ListItem\",\"position\":2,\"name\":\"Ma\u011faza\",\"item\":\"https:\/\/glomorprofessional.com\/shop\/\"},{\"@type\":\"ListItem\",\"position\":3,\"name\":\"Silver Seramid \u015eampuan\"}]},{\"@type\":\"WebSite\",\"@id\":\"https:\/\/glomorprofessional.com\/shop\/#website\",\"url\":\"https:\/\/glomorprofessional.com\/shop\/\",\"name\":\"Glomor Professional\",\"description\":\"Online Sat\u0131\u015f\",\"potentialAction\":[{\"@type\":\"SearchAction\",\"target\":{\"@type\":\"EntryPoint\",\"urlTemplate\":\"https:\/\/glomorprofessional.com\/shop\/?s={search_term_string}\"},\"query-input\":\"required name=search_term_string\"}],\"inLanguage\":\"tr\"}]}<\/script>\n<!-- \/ Yoast SEO Premium plugin. -->","yoast_head_json":{"title":"Silver Seramid \u015eampuan - Glomor Professional","description":"Sa\u00e7ltaki istenmeyen turuncu ve sar\u0131 yans\u0131malara kar\u015f\u0131 kontrast yaratt\u0131\u011f\u0131 i\u00e7in sa\u00e7\u0131n \u00e7i\u011f sar\u0131 rengini al\u0131r daha k\u00fcll\u00fc ve yumu\u015fak bir yans\u0131ma b\u0131rak\u0131r.\u00a0","robots":{"index":"index","follow":"follow","max-snippet":"max-snippet:-1","max-image-preview":"max-image-preview:large","max-video-preview":"max-video-preview:-1"},"canonical":"https:\/\/glomorprofessional.com\/shop\/urun\/silver-seramid-sampuan\/","og_locale":"tr_TR","og_type":"article","og_title":"Silver Seramid \u015eampuan","og_description":"Sa\u00e7ltaki istenmeyen turuncu ve sar\u0131 yans\u0131malara kar\u015f\u0131 kontrast yaratt\u0131\u011f\u0131 i\u00e7in sa\u00e7\u0131n \u00e7i\u011f sar\u0131 rengini al\u0131r daha k\u00fcll\u00fc ve yumu\u015fak bir yans\u0131ma b\u0131rak\u0131r.\u00a0","og_url":"https:\/\/glomorprofessional.com\/shop\/urun\/silver-seramid-sampuan\/","og_site_name":"Glomor Professional","article_modified_time":"2026-04-07T06:11:43+00:00","og_image":[{"width":681,"height":1024,"url":"https:\/\/glomorprofessional.com\/shop\/wp-content\/uploads\/2023\/12\/silver-samp.-681x1024-1.webp","type":"image\/webp"}],"twitter_card":"summary_large_image","schema":{"@context":"https:\/\/schema.org","@graph":[{"@type":"WebPage","@id":"https:\/\/glomorprofessional.com\/shop\/urun\/silver-seramid-sampuan\/","url":"https:\/\/glomorprofessional.com\/shop\/urun\/silver-seramid-sampuan\/","name":"Silver Seramid \u015eampuan - Glomor Professional","isPartOf":{"@id":"https:\/\/glomorprofessional.com\/shop\/#website"},"datePublished":"2023-12-14T22:15:01+00:00","dateModified":"2026-04-07T06:11:43+00:00","description":"Sa\u00e7ltaki istenmeyen turuncu ve sar\u0131 yans\u0131malara kar\u015f\u0131 kontrast yaratt\u0131\u011f\u0131 i\u00e7in sa\u00e7\u0131n \u00e7i\u011f sar\u0131 rengini al\u0131r daha k\u00fcll\u00fc ve yumu\u015fak bir yans\u0131ma b\u0131rak\u0131r.\u00a0","breadcrumb":{"@id":"https:\/\/glomorprofessional.com\/shop\/urun\/silver-seramid-sampuan\/#breadcrumb"},"inLanguage":"tr","potentialAction":[{"@type":"ReadAction","target":["https:\/\/glomorprofessional.com\/shop\/urun\/silver-seramid-sampuan\/"]}]},{"@type":"BreadcrumbList","@id":"https:\/\/glomorprofessional.com\/shop\/urun\/silver-seramid-sampuan\/#breadcrumb","itemListElement":[{"@type":"ListItem","position":1,"name":"Anasayfa","item":"https:\/\/glomorprofessional.com\/shop\/"},{"@type":"ListItem","position":2,"name":"Ma\u011faza","item":"https:\/\/glomorprofessional.com\/shop\/"},{"@type":"ListItem","position":3,"name":"Silver Seramid \u015eampuan"}]},{"@type":"WebSite","@id":"https:\/\/glomorprofessional.com\/shop\/#website","url":"https:\/\/glomorprofessional.com\/shop\/","name":"Glomor Professional","description":"Online Sat\u0131\u015f","potentialAction":[{"@type":"SearchAction","target":{"@type":"EntryPoint","urlTemplate":"https:\/\/glomorprofessional.com\/shop\/?s={search_term_string}"},"query-input":"required name=search_term_string"}],"inLanguage":"tr"}]}},"_links":{"self":[{"href":"https:\/\/glomorprofessional.com\/shop\/wp-json\/wp\/v2\/product\/96","targetHints":{"allow":["GET"]}}],"collection":[{"href":"https:\/\/glomorprofessional.com\/shop\/wp-json\/wp\/v2\/product"}],"about":[{"href":"https:\/\/glomorprofessional.com\/shop\/wp-json\/wp\/v2\/types\/product"}],"replies":[{"embeddable":true,"href":"https:\/\/glomorprofessional.com\/shop\/wp-json\/wp\/v2\/comments?post=96"}],"wp:featuredmedia":[{"embeddable":true,"href":"https:\/\/glomorprofessional.com\/shop\/wp-json\/wp\/v2\/media\/98"}],"wp:attachment":[{"href":"https:\/\/glomorprofessional.com\/shop\/wp-json\/wp\/v2\/media?parent=96"}],"wp:term":[{"taxonomy":"product_brand","embeddable":true,"href":"https:\/\/glomorprofessional.com\/shop\/wp-json\/wp\/v2\/product_brand?post=96"},{"taxonomy":"product_cat","embeddable":true,"href":"https:\/\/glomorprofessional.com\/shop\/wp-json\/wp\/v2\/product_cat?post=96"},{"taxonomy":"product_tag","embeddable":true,"href":"https:\/\/glomorprofessional.com\/shop\/wp-json\/wp\/v2\/product_tag?post=96"}],"curies":[{"name":"wp","href":"https:\/\/api.w.org\/{rel}","templated":true}]}}